?
42
Let j be (1 + -11)*(3 + 24 + -28). What is the greatest common divisor of 118 and j?
2
Suppose 3*z - 5*c = -c + 326, -c + 316 = 3*z. Let g = z - -195. Calculate the highest common factor of 43 and g.
43
Suppose -5756 = -3*f + 4*j, 0 = -4*f + j - 1253 + 8945. What is the highest common divisor of 91 and f?
13
Let z = -142 + 144. Suppose z*o = 4 + 20. Suppose -k - 2*v = -4*k + 42, -k - 5*v = 3. Calculate the highest common divisor of o and k.
12
Let j = -5792 - -5797. Calculate the highest common factor of j and 7405.
5
Suppose n = -5*k, -n = 19*k - 21*k + 7. Let z be 4/10 - 510/25. Let d = z - -31. What is the greatest common divisor of d and k?
1
Let s(a) = -a**3 + 116*a**2 + 230*a + 2517. Let x be s(118). Calculate the greatest common divisor of x and 871.
67
Let s(k) = 52*k + 4004. Let h be s(31). Calculate the greatest common factor of 39 and h.
39
Suppose 0 = 4*z, 5*z + 56 = 4*d - 628. Suppose -3*o = 5*u - d, 0*u + 141 = 4*u + o. What is the highest common divisor of 8 and u?
4
Suppose -17*l + 19942 = -15758. Suppose -34*q = 26*q - l. Calculate the highest common factor of 147 and q.
7
Suppose -55*y + 46563 = 5*y + 23*y. Calculate the highest common factor of 22 and y.
11
Let t(r) = r**3 - 38*r**2 + 397*r - 58. Let p be t(22). Calculate the greatest common divisor of p and 12.
4
Let t(f) = -2*f**3 - 31*f**2 - 54*f - 333. Let j be t(-15). What is the highest common divisor of 644 and j?
28
Let q be 2 + (-26)/10 - 546/(-10). Suppose q = 3*f + f + 2*i, -4*i = -2*f + 12. Suppose -11 = 10*p - 41. Calculate the greatest common factor of p and f.
3
Let c = -3 - -4. Suppose -4*n + 4*t + 24 = 0, 12 = 2*n + 2*t - 0*t. Let m be (n/4 - c) + 12/8. What is the highest common factor of m and 18?
2
Suppose 0 = 5*x + 4*z + 5, 4*z + 25 = 5*x + 2*z. Suppose 0 = 2*y, -5*b + 37 = x*y - 63. Let j be -3*(-5)/(-3)*-2. What is the highest common factor of j and b?
10
Let l be (-14)/(-2) - 780/(-60). Calculate the highest common factor of l and 3380.
20
Let b be -1 - 0 - (-58 + 1). Let t(k) = 6*k**2 + 28*k - 41. Let v be t(-6). Calculate the greatest common factor of b and v.
7
Suppose -4*w + 3*m + 72 = 0, -4*m - 8 = 2*w - 66. What is the highest common divisor of w and 651?
21
Suppose 3*j - 6 = 0, -4*b - 2*j = 1303 - 7895. What is the highest common divisor of 122 and b?
61
Let l(q) = 14*q - 7. Let c(o) = 14*o - 8. Let d(w) = -4*c(w) + 3*l(w). Let u be d(-5). Let s = 130 - 121. Calculate the greatest common divisor of u and s.
9
Let u be (-1448)/52 - (-16)/(-104). Let j = u - -47. Calculate the highest common factor of j and 171.
19
Suppose -85 + 57 = -2*q + 2*u, -u - 59 = -4*q. What is the greatest common divisor of 40 and q?
5
Suppose 65794 = 319*h - 175370. Calculate the greatest common factor of h and 2052.
108
Suppose 77632 = -17*a - 101*a + 209556. Calculate the greatest common factor of 344 and a.
86
Suppose -6*g + 777 = 231. What is the greatest common divisor of g and 133?
7
Suppose m + 5 = -4*b + 531, 0 = 4*b - 5*m - 538. Suppose -6*q - b = -12*q. Let w be (3/9)/(2/66). What is the greatest common divisor of q and w?
11
Let d be (-9834)/(-99) + 39 + 2/(-6). Calculate the greatest common divisor of d and 4071.
69
Let i = 403 - 238. Let p = -427 + i. Let d = p + 370. What is the highest common factor of d and 12?
12
Let h be (-10)/(-4)*46/5. Let s = 44 - h. Let v be -25*((-4)/(-14) + 59/(-35)). Calculate the greatest common factor of v and s.
7
Let b = -258 - -466. Suppose 3*j = -j + b. Suppose 67492 = -14*w + 69676. Calculate the greatest common divisor of j and w.
52
Let z = 1681 - 1654. Suppose 5*c - 52 = 3*u - 4*u, -106 = -3*u - 5*c. Calculate the greatest common divisor of u and z.
27
Suppose 1462 = 8*w + 1302. Suppose 22*x - 200 = w*x. What is the highest common divisor of 350 and x?
50
Let w = -7 - -55. Suppose -2159 + 506 = -3*v - t, -2223 = -4*v + 5*t. Calculate the greatest common factor of v and w.
24
Let a(z) = 3*z**2 + 99*z - 201. Let j be a(-35). Calculate the highest common divisor of j and 3240.
9
Suppose -4320 = 49*z - 57*z. Calculate the greatest common divisor of z and 378.
54
Let t(y) = -14*y - 196. Let o be t(-25). Let b be (-22)/4*(-11 + 7). Calculate the highest common factor of o and b.
22
Let c(w) = w**3 + 3*w**2 - 11*w + 13. Let n be c(6). Let q = n - 216. What is the greatest common factor of 22 and q?
11
Let d be 79/3 - 2/(-3). Let h = d - 36. Let y be (h/(-12))/((-1)/(-32)). What is the greatest common factor of y and 96?
24
Let a = 654 + -280. Calculate the greatest common factor of 204 and a.
34
Suppose 132*w + 2*p - 1350 = 129*w, -3*w + 4*p = -1332. Calculate the highest common divisor of w and 2408.
56
Suppose 0 = 101*n - 2204 - 5573. What is the greatest common factor of 1397 and n?
11
Let t(w) be the third derivative of w**5/15 + w**3 + 38*w**2. Suppose 10*q = 8*q - 6. Let y be t(q). Calculate the greatest common factor of y and 42.
42
Let r be -12*((-3)/4)/(6/4). Suppose v + 5 = 3*c, -v + r = -2*c + 2*v. Let s be (-3)/(c + 3) - 99/(-6). Calculate the greatest common divisor of s and 40.
8
Let b(m) = 16*m**2 - 297*m - 20. Let y be b(27). What is the greatest common divisor of 375 and y?
125
Let n be 2/6 - 35/(-3). Let v = -2 + n. Suppose 0 = -10*w + 308 + 392. Calculate the greatest common factor of v and w.
10
Let p = 10220 - 10194. Calculate the highest common divisor of 715 and p.
13
Suppose 5*s = -70*n + 72*n - 595, 0 = -3*n + 2*s + 876. Calculate the highest common factor of 1363 and n.
29
Let c be (-93)/(2 - ((-5)/(-15) - -2)). Let y be c/21 + (-2)/7. Suppose -o + 21 = 2*i - 132, -2*o = -5*i - 261. What is the greatest common factor of o and y?
13
Suppose -7*o + 4*o + 5*y = -126, 3*o + 3*y - 102 = 0. Suppose o*t - 4*t = 594. Let s be 3 - (-3)/(-6)*2. What is the greatest common factor of t and s?
2
Suppose 0 = -2*h + 2*r + 134, h = -8*r + 12*r + 58. Let x(q) = q**2 - 6*q - 6. Let k be x(8). Calculate the highest common factor of k and h.
10
Let x be -4 + (-7)/((-151)/25 + (35 - 29)). Calculate the highest common factor of x and 380.
19
Let l(u) = 10*u - 10. Let o = 218 - 215. Let w be l(o). Suppose -147 = 5*j - 1247. Calculate the greatest common factor of j and w.
20
Let g(z) = 27*z + 11. Let f be g(-3). Let h = -6 - f. Calculate the highest common factor of h and 32.
32
Let y be (-5)/(-15) + (-5830)/(-33). Calculate the greatest common factor of y and 15.
3
Let i be 12/2 - (3 + -1). Let s(n) = -126*n - 617. Let k be s(-5). What is the highest common divisor of i and k?
1
Suppose 0 = -c - 3*x + 28, -4*c + x = -3*x - 48. Suppose 1912 = c*g + 280. Calculate the greatest common divisor of g and 153.
51
Let n(j) = -j**2 - 67*j**3 + 20 + 66*j**3 - j**2 + j. Suppose 5*d - 3*y - 1 = 2, 4*y = -4. Let l be n(d). Calculate the greatest common divisor of 4 and l.
4
Let t = 80 - 75. Suppose t*a - 341 = 229. What is the highest common divisor of 38 and a?
38
Suppose -26*m - 644 = -2724. What is the greatest common factor of m and 1064?
8
Suppose 5*a - 21*i = -24*i + 441, a = 4*i + 102. What is the highest common divisor of a and 3430?
10
Let o(f) = f**2 + 6*f + 41. Let g(r) = 5*r + 31. Let l(x) = -4*g(x) + 3*o(x). Let d = 6 + -4. Let h be l(d). What is the highest common factor of 77 and h?
7
Suppose 8*a + 12*a = -12*a + 1216. Calculate the highest common divisor of a and 741.
19
Let z(v) = 68*v + 6364. Let j be z(-90). What is the highest common divisor of j and 549?
61
Let t be 25/((-75)/42) - -589. Suppose -50 = -3*x + x. What is the greatest common divisor of t and x?
25
Let n be -7 - -49 - -1*(-3 - -1). Let z(y) = 2*y**2 + 20*y - 278. Let i be z(13). What is the greatest common divisor of n and i?
40
Let x = 3546 + -3471. What is the highest common divisor of 57 and x?
3
Let i = -9245 - -10495. What is the highest common divisor of 9250 and i?
250
Let s = -10205 - -11948. Calculate the greatest common factor of s and 63.
21
Suppose -147 = -q + 247. Let j = q - 130. Let c be (-244)/(-10) - 4/10. What is the highest common factor of j and c?
24
Suppose n + 2928 = 2*z, 12*z - 16*z - n + 5844 = 0. Calculate the highest common factor of z and 68.
34
Suppose 4*d - 3*s = 349, -65*d = -69*d + s + 359. Suppose 4*c = 315 + 153. What is the highest common factor of c and d?
13
Suppose o + 48 = 229. Suppose -37 - 26 = -y - 5